by 1.
0
Suppose 0 = -3*o - 10 + 7. Let a be o/((2/10*1)/(-1)). Suppose 3*y = 2*w - 105, a*w + 2*y - 7*y = 260. What is the remainder when w is divided by 19?
13
Let i = 2719 + -2636. What is the remainder when i is divided by 31?
21
Suppose 0 = -11*f + 37*f. Suppose -10*w + 32 = -6*w + 4*i, f = w + 2*i - 8. Calculate the remainder when 158 is divided by w.
6
Calculate the remainder when 850 is divided by -5*((-1664)/(-200) + -8)*(-850)/4.
170
Suppose 6*i - 360 = -4*i. Calculate the remainder when 2/4 + 2538/i is divided by 27.
17
Let n = 108468 - 108465. What is the remainder when (-96)/(-10) - 4/(-10) is divided by n?
1
Let o(t) = t**3 + 9*t**2 + 2*t + 9. Let h be o(-4). Let f = h + -43. Let n(w) = -w**2 - 7*w + 2. Calculate the remainder when f is divided by n(-6).
6
Let z = -79 - -123. Let m be 66/(((-24)/(-16))/1). Suppose -46 = -2*x - 4*n, 0 = -m*n + 43*n + 4. What is the remainder when z is divided by x?
14
Suppose -c + 5*m + 6816 + 4534 = 0, -3*c = -11*m - 34018. What is the remainder when c is divided by 73?
68
Suppose w = 10*r - 3725, 37*r - 42*r + 1880 = 3*w. What is the remainder when 1498 is divided by r?
6
Suppose -5*i = 4*k - 29 - 54, 2*k + 3*i - 39 = 0. Suppose k = d - s, 3*d - 71 = -5*s + 34. Calculate the remainder when 99 is divided by d.
9
Calculate the remainder when 85575/225*12/14 is divided by 295.
31
Suppose 0 = -3*q - 2*b + 54, 5*q + 4*b = q + 76. Suppose -433 - 1231 = -q*j. Calculate the remainder when j is divided by 11.
5
Suppose -x - 5*g = -7 - 30, -5 = 5*g. What is the remainder when 2644 is divided by x?
40
Suppose 18*l - 1383 = 15*l - 4*f, -2*l = f - 927. Calculate the remainder when l is divided by 143.
36
What is the remainder when 241 is divided by 119/(-5)*5/(-1)?
3
Suppose r + 62 = 4*x, 2*r - 6*r = -x + 323. Let g = -61 - r. What is the remainder when 91 is divided by g?
7
Let m = -49976 - -49990. Suppose -v = v + 4*r - 236, -2*r = -4*v + 422. What is the remainder when v is divided by m?
10
Suppose -48*l - 88 = -49*l. Suppose 15*z - 542 = l. Calculate the remainder when 81 is divided by z.
39
Let d(w) = -4*w**2 - 6*w + 2. Let f be d(3). Let h be f/4*-10 - 3. Let b = h - 90. What is the remainder when 109 is divided by b?
35
Let j(s) = 2*s**3 + 48*s**2 - 58*s - 111. Calculate the remainder when 264 is divided by j(-25).
86
Let c = -825 + 841. Suppose -5*p = -4*r - 8, p = 4*r - 8 - 0. Let w(o) = 11*o + 2. What is the remainder when w(p) is divided by c?
14
Calculate the remainder when 10*5/(-60)*(7 - 85) is divided by 12.
5
Suppose -6032 = -56*t + 83885 + 64251. Calculate the remainder when t is divided by 115.
108
Suppose 112 = f + f. Suppose 0 = 2*k - 6, -8*k + 92 = h + 3*h. Calculate the remainder when f is divided by h.
5
Suppose 3*a = 71 + 88. Let q = 195063 - 194484. Calculate the remainder when q is divided by a.
49
Let y = 1547 + -1545. Let f(u) = -u**3 + 7*u**2 + 9*u - 3. What is the remainder when f(8) is divided by y?
1
Let z be (-6)/(-5)*(-1200)/(-45). Suppose 31*g + z = 39*g. Suppose -g*h + s = -2*s - 243, 3*s = -3. Calculate the remainder when 116 is divided by h.
56
Let z = -6235 + 6240. What is the remainder when 4289 is divided by z?
4
Suppose 327 - 51 = 4*o. What is the remainder when 132 is divided by o?
63
Let h = -115 - -122. Suppose 0 = -6*m + 2*m + 16. Suppose 5*s + 0*s - 99 = i, m*s - 84 = -4*i. What is the remainder when s is divided by h?
6
Suppose -i = -3*x - 477, -i - 8*x - 121 = -576. What is the remainder when i is divided by (4 + -5)/(2/(-118))?
58
Suppose 4*x + r - 5 = 2*x, 3*r + 3 = 0. Suppose -x*w = -119 - 160. Calculate the remainder when 52 is divided by (-1 + 0 + -17)*w/(-62).
25
Let i(b) = -105*b**2 + b - 1. Let u be i(1). Let w be u/14*16/10. Calculate the remainder when 12/w - 27/(-1) is divided by 14.
12
Suppose 4*i - 3*r = 2*i - 560, -2*i = -5*r + 556. Let g = i - -299. What is the remainder when 60 is divided by g?
12
Suppose -5*o = -33*o + 224. Suppose -o*n = 2*n - 160. Let j = 47 - -28. Calculate the remainder when j is divided by n.
11
Let o = 3224 + -2571. Calculate the remainder when o is divided by 6.
5
Suppose 17 - 391 = -2*n. Let y = n + -170. What is the remainder when y is divided by 3?
2
Let y(i) = -43*i - 4993. Let q = 0 + 6. Calculate the remainder when y(-119) is divided by (q*7)/(-1)*-1.
40
Let c(x) = -28*x - 1. Suppose -19*r + 6*l - 9 = -24*r, 5*r = 5*l + 130. Calculate the remainder when c(-2) is divided by r.
10
What is the remainder when (15/(-6))/(3/(-21) + (-4773)/(-33558)) is divided by 111?
110
Suppose -202*l + 130*l + 504 = 0. Suppose -2*g + 156 = 2*g. What is the remainder when g is divided by l?
4
Suppose -s = 5*g - 3*s - 106, -g - 5*s + 5 = 0. Suppose -r + a = -5*r - 11, -r = -a + 9. What is the remainder when r*(-1)/2*(48 + -1) is divided by g?
14
Let n(q) = -q + 24. Let x(h) = 44*h - 6. Calculate the remainder when x(6) is divided by n(4).
18
Suppose 0 = -3*k + 5*v + 237, 10 = 4*k - 2*v - 292. What is the remainder when 306 is divided by k?
10
Let s(i) = -642*i**2 + 7*i + 11 + 644*i**2 - i**3 - i**3. Let l = -69 - -106. Calculate the remainder when s(-4) is divided by l.
32
Suppose -5*s = -20 - 335. Let r = s - 71. Suppose 3*m + 2*a + 56 = 5*m, -3*m + 5*a + 80 = r. Calculate the remainder when 89 is divided by m.
29
Let z be 0 - 6/(-12) - 5/(-2). Suppose -1 - 15 = -4*v, -z*j + 5*v - 20 = 0. Suppose -9*y + 21 - 12 = j. Calculate the remainder when y is divided by 1.
0
Suppose -7726*k + 3644 + 3661 = -7711*k. What is the remainder when k is divided by 68?
11
Suppose -107*h + 12018 + 12180 = 4*h. Let p = -33 - -70. Calculate the remainder when h is divided by p.
33
Suppose 81 - 61 = -5*g, -n + 216 = -2*g. What is the remainder when 220 is divided by n?
12
Let g(l) be the third derivative of -l**5/60 + 19*l**4/24 + 5*l**3 + 10*l**2 - 1. Suppose -2*u = 2*u - 24. Calculate the remainder when g(20) is divided by u.
4
Let f = 501 - 295. Suppose 2*r = 5*i + 123, 54 = -r + 2*r - 4*i. Let y = r - 51. Calculate the remainder when f is divided by y.
22
Let f = 20037 - 20018. What is the remainder when 1164 is divided by f?
5
Let x(j) = j**2 - 36*j + 340. What is the remainder when 8161 is divided by x(24)?
49
Suppose 37*f + 7*f = 129 + 751. What is the remainder when 96 is divided by f?
16
Let q(j) = 2*j - 47. Let o be q(20). Let x(v) = -10*v - 33. Let l be x(o). Let c = 92 - l. Calculate the remainder when c is divided by 12.
7
Suppose 27*b + 14*b = 21443. Calculate the remainder when b is divided by 23.
17
Suppose 0 = -i + 2*n + 12, 7*n = -2*i + 3*n - 8. Suppose -i*q = 7*q + 2299. Let s = q + 340. What is the remainder when s is divided by 12?
11
Let i(v) = -v**3 + 45*v**2 + 47*v + 108. What is the remainder when 328 is divided by i(46)?
20
Calculate the remainder when 6039 is divided by 332/3 - (-1064)/(-228).
103
Let p be 1*((0 - -2) + -3). Let z(g) = -32*g - 1. Suppose -4*o + 22 = -4*c - 2, 2*o + c - 27 = 0. What is the remainder when z(p) is divided by o?
9
Suppose -6*r = -1136 - 796. Suppose r = -3*y + 727. What is the remainder when y is divided by 34?
33
Let i(y) = y**2 - 86*y + 233. Calculate the remainder when 756 is divided by i(86).
57
Suppose 5*c - 3*h = 40, 0 = -7*c + 14*h - 10*h + 55. Let j = -63 - -45. Calculate the remainder when j/12 - 19/(-2) is divided by c.
3
Let f(g) = -g**3 - 29*g**2 + 38*g - 32. Let r be f(-31). Let c = -653 + r. What is the remainder when c is divided by 12?
11
Let f(z) = 12*z - 57. Let w be f(8). Suppose 127 = 4*x - 4*y + w, -5*y = 3*x - 34. Let n = -1 + 72. Calculate the remainder when n is divided by x.
17
Let v = -635 + 851. Suppose 316 = 3*w - 3*k - k, -k + 110 = w. What is the remainder when v is divided by w?
0
Let i(n) be the second derivative of -11*n**3/6 - 16*n**2 - 3601*n. Suppose -4*z - 24 = 16. Calculate the remainder when i(z) is divided by 10.
8
Let k be (45/(-12))/(4/(-64)*6). Calculate the remainder when (-4)/(-22) - (-229)/11 is divided by -1*2*k*2/(-8).
1
Let h = 3774 + -3619. Calculate the remainder when 1393 is divided by h.
153
Let a = -1239 - -1360. Calculate the remainder when 360 is divided by a.
118
Let m(d) = -2*d**3 - 55*d**2 - 88*d - 1639. What is the remainder when 14950 is divided by m(-27)?
6
Let s(n) = -n + 4 - n + 8 + 6. Let j be s(7). Suppose 4*d - r = 39, -2*r = j*d 